*n + f, 3 = -0*f - f. What are the prime factors of n?
2, 7, 47
Suppose -3*n + 10645 = -0*n - x, 3*x = 5*n - 17743. List the prime factors of n.
2, 887
Suppose -139 - 50 = 3*v - 5*x, -5*x = -2*v - 121. Let k = 90 + v. What are the prime factors of k?
2, 11
Let t(h) = -h - 11. Let g be t(-11). Suppose -4*s + 80 = -g*s. What are the prime factors of s?
2, 5
Let d(y) be the third derivative of -y**6/120 + 7*y**5/60 + y**4/2 - y**3 - y**2. Let x = -9 - -17. List the prime factors of d(x).
2, 13
Let v be (-2)/((-2)/8 - 0). Suppose v*f = 10*f - 112. List the prime factors of f.
2, 7
Let k(b) = 6*b**2 - 8 - 3*b**2 - 2*b**2 + 8*b - 5. Let t be -25*1*8/20. List the prime factors of k(t).
7
Let x(j) = -3*j - 16. Let o = 22 - 16. Let h = -12 + o. List the prime factors of x(h).
2
Let s = -37 + 40. Suppose -3*r - 2*c + 52 = -6*c, -s*c + 13 = r. List the prime factors of r.
2
What are the prime factors of (-2 + (3 - -4 - 3))*486?
2, 3
Suppose 23*s = 16*s + 1652. Suppose 3*q - c - s = 307, 5*c = -3*q + 525. List the prime factors of q.
2, 3, 5
Suppose 7*d - 8*d - 2937 = -5*t, -4*t - d = -2346. What are the prime factors of t?
587
Suppose -5 - 3 = -4*s. Suppose -4*l - 3*i = -224, 4*i - 112 = -s*l - i. List the prime factors of l.
2, 7
Let k = 129 - 125. Suppose k*o + 2*i - 236 = -2*i, -4*o + 2*i + 242 = 0. What are the prime factors of o?
2, 3, 5
Let l be (-95)/2*(-8)/10. Let h be l/2*(1 - 4). Let x = -32 - h. List the prime factors of x.
5
Let k = 10 + -3. Suppose 48 = 2*x + 2*f, k*x - 115 = 2*x - 4*f. List the prime factors of (4 + x)*(-3 - -4).
23
Suppose -7*p - 6 = -10*p. Suppose 18 = -p*r + 70. List the prime factors of r.
2, 13
Suppose i = -0*i. Suppose m + a - 3 = i, a + 1 = 5. List the prime factors of (-1 + 2)*(-28)/m.
2, 7
Let z(f) = -3*f - 1. Suppose -m + 0*m = 1. Let a be z(m). Let t(j) = -j**3 + 4*j**2 - 3*j. What are the prime factors of t(a)?
2
Suppose 0 = 3*v + 34 + 89. Let u = v + 305. What are the prime factors of u?
2, 3, 11
Let d = 9 + -10. Let b(z) = -112*z**3 + 2*z**2 - 1. What are the prime factors of b(d)?
113
Suppose 3*z = -3*u - 558, 5*z - 1397 = 5*u - 417. Let j = u + 286. List the prime factors of j.
5, 19
Let s be -3 - (-2 + 3)/((-2)/(-586)). Let b = -130 - s. List the prime factors of b.
2, 83
Suppose -3*c + q = -902, -2*c - 5*q + 6*q + 603 = 0. List the prime factors of c.
13, 23
Suppose -50*n - 8*n = -10962. List the prime factors of n.
3, 7
Let o = -1506 - -2191. What are the prime factors of o?
5, 137
Let k = -8 - -1. Let c(m) be the third derivative of m**6/120 + 7*m**5/60 + 7*m**3/6 - 31*m**2. What are the prime factors of c(k)?
7
Let i be (-158)/(-10) + 2/10. Let s be ((-15)/9 + -1)*174/(-4). Suppose i*o - s = 12*o. List the prime factors of o.
29
Let h = -1133 - -1911. What are the prime factors of h?
2, 389
Let y = -19 + 10. Let s = -6 - y. Suppose 5*f - 58 = -5*g - 18, 5*f = -s*g + 44. List the prime factors of f.
2, 5
What are the prime factors of 44/330 + 34612/60?
577
List the prime factors of (352/(-5))/((-1)/(-20)*-4).
2, 11
Suppose 40*o + 850 = 42*o. What are the prime factors of o?
5, 17
Let g be 10/4 + (-2)/4. Suppose 112 + 50 = g*y. What are the prime factors of (-1)/4 - y/(-4)?
2, 5
What are the prime factors of 4/22 + (779/11 - -3)?
2, 37
Let j(p) be the second derivative of -p**3/6 + p**2 + 8*p. Let c = -11 + 6. List the prime factors of j(c).
7
List the prime factors of ((-7)/42*-13684)/(24/36).
11, 311
Let y(m) be the first derivative of 3*m**4/4 - 19*m**3/3 - 9*m**2/2 + 14*m + 5. List the prime factors of y(7).
7
Suppose -2*l = -t + 7, t - 5*l = -5 + 15. Suppose -t*d + 12 = 27, -d + 53 = b. List the prime factors of b.
2, 7
Let d(r) = r + 7. Let h be d(-5). Suppose 0 = 2*q + h*q. List the prime factors of q - -6*(-3)/(-2).
3
Let x be 4/42*20 - 66/(-693). Suppose 3*t + 5 = 4*s, -s + 3*s = 4*t. List the prime factors of -1*x*(-25)/s.
5
Let q(c) = c**2 + 24*c - 84. List the prime factors of q(-32).
2, 43
Let a(r) = 2*r + 60. Let c be a(-31). What are the prime factors of (16*(-10)/50)/(c/105)?
2, 3, 7
Let m(g) = -6*g - 1 + 2 - 5 - 3*g - g**2. Let q be m(-9). Let h = q - -7. What are the prime factors of h?
3
Let f be (-2 - -3)/((-5)/(-295)). Let a = f + 104. Suppose 4*x = 2*b + 3*b + 193, -4*x = b - a. List the prime factors of x.
2, 3, 7
Let r = 4477 + -1543. List the prime factors of r.
2, 3, 163
Let l(v) = -239*v**2 - v + 2. Let i be l(1). Let h = -126 - i. What are the prime factors of h?
2, 7
Let h(n) = 4*n - 5*n**3 - n + 3 + 2*n**3. Let z be h(-2). Suppose i - 29 = v, 2*i - i - z = -3*v. List the prime factors of i.
3
Let t = -11 - -19. Let m = t + -5. Suppose m*p = 5*i - 9 + 32, 0 = -3*p - 2*i + 37. List the prime factors of p.
11
Let v be (-966)/(-9) + 1 - (-1)/(-3). Let y = 112 - v. What are the prime factors of y?
2
Let t(y) = -y + 39. Let i be (-14)/8*(-6 - 2). Suppose 19*v - i*v = 0. What are the prime factors of t(v)?
3, 13
What are the prime factors of ((-7)/(-35))/((-2)/(-4390))?
439
Let z = 871 + -497. What are the prime factors of z?
2, 11, 17
Suppose -8*s - 5*s = -117. Suppose -700 = 4*j - s*j. What are the prime factors of j?
2, 5, 7
Suppose 0*c + 21 = 7*c. Suppose 84 = c*t - 6. What are the prime factors of t?
2, 3, 5
Suppose -56*s + 10544 - 240 = 0. What are the prime factors of s?
2, 23
Suppose 0 = -711*h + 712*h - 219. What are the prime factors of h?
3, 73
Suppose -4*j + 0*j + 25 = 5*g, -2*j + 23 = -g. Let k be (j/15)/(2/3). Let l = 5 - k. What are the prime factors of l?
2
Let k = -509 + 800. List the prime factors of k.
3, 97
Suppose 5*f = -4*h + 23, 0*h - 4*h + 2*f + 2 = 0. Let j = h - -2. Suppose o = -j*o + 65. What are the prime factors of o?
13
Let r = 7 + -5. Let g = -15 - -44. Let c = g - r. What are the prime factors of c?
3
Let z = -26 - -51. Let q be 1*(-1 + z + -2). What are the prime factors of 4/(-22) - (-334)/q?
3, 5
Suppose 2*l + 2 = 6. Let m be 1*-31*(l + -4). Suppose 2*s + m = 2*c, 5*c + 4*s + s = 135. List the prime factors of c.
29
Suppose 3*b - 748 - 632 = 0. List the prime factors of b.
2, 5, 23
Let f(u) be the second derivative of 5*u + 17/2*u**2 + 13/12*u**4 + 0 - 1/20*u**5 - 3/2*u**3. What are the prime factors of f(12)?
53
Suppose -p + 5*p = 828. Let y be p/63 - (-4)/(-14). Suppose y*i = -2*i + 125. What are the prime factors of i?
5
Suppose -5*q = -2*q. Let a be (-2)/(8/4 - q). What are the prime factors of 11 - (0/2 + a)?
2, 3
Let h(p) = p**3 + 16*p**2 - p - 4. Let v = -16 + 0. Let s be h(v). What are the prime factors of (-152)/(-6) - 4/s?
5
Suppose -8 = -3*t - 2. Let a(y) = 6*y**2 + 4*y**2 - 6 + y**3 + 3 - 3*y**t + 4*y. List the prime factors of a(-5).
3
Let n = -379 - -973. What are the prime factors of n?
2, 3, 11
Suppose 5 = -0*g + 5*g. Let h be -3*g - 120/(-8). Suppose -h + 3 = -t. What are the prime factors of t?
3
Suppose 0 = -3*x + 4*t - 86, 5*t + 44 = -x + 9. Let f = x + 89. List the prime factors of f.
59
Let w be 5*(-5)/((-10)/4). Let f = -9 + w. What are the prime factors of (1 + 1)*3/f?
2, 3
Let z = -13 - -13. Suppose 3*n + 11 - 119 = -3*c, z = -5*c - 3*n + 178. Let k = c + -14. What are the prime factors of k?
3, 7
Let k = 25 + -36. Let s(c) = 0*c - 11*c**2 - c**3 - 4 - 2*c + 10. List the prime factors of s(k).
2, 7
Let w(s) = 3*s**2 - 19*s - 109. What are the prime factors of w(-12)?
19, 29
Suppose 0 = 3*z + 10 + 38. Let a = 19 + z. List the prime factors of a.
3
Let n(l) be the third derivative of -l**6/120 + l**5/5 - l**4/12 - 2*l**3/3 + 6*l**2. List the prime factors of n(9).
13, 17
Let w(z) = z**3 + 13*z**2 + 5*z + 9. Let k = -130 + 125. List the prime factors of w(k).
2, 23
Suppose -588 = 2*t - 1432. List the prime factors of t.
2, 211
Let q = 433 - 448. Let g be (0 + 41*-1)*-1. Let b = g + q. List the prime factors of b.
2, 13
Let x(s) be the third derivative of 0*s + 1/120*s**6 + 2/15*s**5 + 1/12*s**4 - 1/6*s**3 + 0 - 11*s**2. List the prime factors of x(-7).
2, 17
Let f be 142/(-4) + 1 + (-27)/(-54). Let k = f - -113. What are the prime factors of k?
79
Suppose 2*i + 0*i = 0. Suppose d + 2*x + i*x = 9, 0 = 4*x - 20. Let j = 6 + d. What are the prime factors of j?
5
Let f be 5 + 5 - (3 - 0). Suppose -4*b + f*b - 108 = 0. List the prime factors of b.
2, 3
Let g(x) = -18*x + 7. Let o(m) = -9*m + 4. Let r(b) = -3*g(b) + 5*o(b). Wha